{"id":28,"date":"2025-06-14T23:09:44","date_gmt":"2025-06-14T23:09:44","guid":{"rendered":"https:\/\/lightsalmon-lark-165178.hostingersite.com\/?page_id=28"},"modified":"2025-12-29T02:29:26","modified_gmt":"2025-12-29T02:29:26","slug":"__trashed-6","status":"publish","type":"page","link":"https:\/\/graficaunna.com.br\/","title":{"rendered":"In\u00edcio"},"content":{"rendered":"\t\t<div data-elementor-type=\"wp-post\" data-elementor-id=\"28\" class=\"elementor elementor-28\" data-elementor-post-type=\"page\">\n\t\t\t\t<div class=\"elementor-element elementor-element-21d253d e-con-full e-flex e-con e-parent\" data-id=\"21d253d\" data-element_type=\"container\">\n\t\t<div class=\"elementor-element elementor-element-7998569 e-con-full e-flex e-con e-child\" data-id=\"7998569\" data-element_type=\"container\">\n\t\t\t\t<div class=\"elementor-element elementor-element-6a008c6 elementor-widget__width-inherit elementor-widget elementor-widget-image\" data-id=\"6a008c6\" data-element_type=\"widget\" data-widget_type=\"image.default\">\n\t\t\t\t<div class=\"elementor-widget-container\">\n\t\t\t\t\t\t\t\t\t\t\t\t\t\t\t<img decoding=\"async\" width=\"213\" height=\"62\" src=\"https:\/\/graficaunna.com.br\/wp-content\/uploads\/2025\/06\/logo-topo.png\" class=\"attachment-large size-large wp-image-56\" alt=\"\" \/>\t\t\t\t\t\t\t\t\t\t\t\t\t\t\t<\/div>\n\t\t\t\t<\/div>\n\t\t\t\t<\/div>\n\t\t<div class=\"elementor-element elementor-element-4c31d42 e-con-full e-flex e-con e-child\" data-id=\"4c31d42\" data-element_type=\"container\">\n\t\t\t\t<div class=\"elementor-element elementor-element-4d45982 elementor-widget__width-inherit elementor-nav-menu__align-center elementor-nav-menu--dropdown-tablet elementor-nav-menu__text-align-aside elementor-nav-menu--toggle elementor-nav-menu--burger elementor-widget elementor-widget-nav-menu\" data-id=\"4d45982\" data-element_type=\"widget\" data-settings=\"{&quot;layout&quot;:&quot;horizontal&quot;,&quot;submenu_icon&quot;:{&quot;value&quot;:&quot;&lt;svg class=\\&quot;e-font-icon-svg e-fas-caret-down\\&quot; viewBox=\\&quot;0 0 320 512\\&quot; xmlns=\\&quot;http:\\\/\\\/www.w3.org\\\/2000\\\/svg\\&quot;&gt;&lt;path d=\\&quot;M31.3 192h257.3c17.8 0 26.7 21.5 14.1 34.1L174.1 354.8c-7.8 7.8-20.5 7.8-28.3 0L17.2 226.1C4.6 213.5 13.5 192 31.3 192z\\&quot;&gt;&lt;\\\/path&gt;&lt;\\\/svg&gt;&quot;,&quot;library&quot;:&quot;fa-solid&quot;},&quot;toggle&quot;:&quot;burger&quot;}\" data-widget_type=\"nav-menu.default\">\n\t\t\t\t<div class=\"elementor-widget-container\">\n\t\t\t\t\t\t\t\t<nav aria-label=\"Menu\" class=\"elementor-nav-menu--main elementor-nav-menu__container elementor-nav-menu--layout-horizontal e--pointer-underline e--animation-fade\">\n\t\t\t\t<ul id=\"menu-1-4d45982\" class=\"elementor-nav-menu\"><li class=\"menu-item menu-item-type-custom menu-item-object-custom menu-item-home menu-item-403\"><a href=\"https:\/\/graficaunna.com.br\/#sobrenos\" class=\"elementor-item elementor-item-anchor\">Sobre N\u00f3s<\/a><\/li>\n<li class=\"menu-item menu-item-type-custom menu-item-object-custom menu-item-home menu-item-404\"><a href=\"https:\/\/graficaunna.com.br\/#servicos\" class=\"elementor-item elementor-item-anchor\">Servi\u00e7os<\/a><\/li>\n<li class=\"menu-item menu-item-type-custom menu-item-object-custom menu-item-home menu-item-405\"><a href=\"https:\/\/graficaunna.com.br\/#contato\" class=\"elementor-item elementor-item-anchor\">Contato<\/a><\/li>\n<\/ul>\t\t\t<\/nav>\n\t\t\t\t\t<div class=\"elementor-menu-toggle\" role=\"button\" tabindex=\"0\" aria-label=\"Alternar menu\" aria-expanded=\"false\">\n\t\t\t<svg aria-hidden=\"true\" role=\"presentation\" class=\"elementor-menu-toggle__icon--open e-font-icon-svg e-eicon-menu-bar\" viewBox=\"0 0 1000 1000\" xmlns=\"http:\/\/www.w3.org\/2000\/svg\"><path d=\"M104 333H896C929 333 958 304 958 271S929 208 896 208H104C71 208 42 237 42 271S71 333 104 333ZM104 583H896C929 583 958 554 958 521S929 458 896 458H104C71 458 42 487 42 521S71 583 104 583ZM104 833H896C929 833 958 804 958 771S929 708 896 708H104C71 708 42 737 42 771S71 833 104 833Z\"><\/path><\/svg><svg aria-hidden=\"true\" role=\"presentation\" class=\"elementor-menu-toggle__icon--close e-font-icon-svg e-eicon-close\" viewBox=\"0 0 1000 1000\" xmlns=\"http:\/\/www.w3.org\/2000\/svg\"><path d=\"M742 167L500 408 258 167C246 154 233 150 217 150 196 150 179 158 167 167 154 179 150 196 150 212 150 229 154 242 171 254L408 500 167 742C138 771 138 800 167 829 196 858 225 858 254 829L496 587 738 829C750 842 767 846 783 846 800 846 817 842 829 829 842 817 846 804 846 783 846 767 842 750 829 737L588 500 833 258C863 229 863 200 833 171 804 137 775 137 742 167Z\"><\/path><\/svg>\t\t<\/div>\n\t\t\t\t\t<nav class=\"elementor-nav-menu--dropdown elementor-nav-menu__container\" aria-hidden=\"true\">\n\t\t\t\t<ul id=\"menu-2-4d45982\" class=\"elementor-nav-menu\"><li class=\"menu-item menu-item-type-custom menu-item-object-custom menu-item-home menu-item-403\"><a href=\"https:\/\/graficaunna.com.br\/#sobrenos\" class=\"elementor-item elementor-item-anchor\" tabindex=\"-1\">Sobre N\u00f3s<\/a><\/li>\n<li class=\"menu-item menu-item-type-custom menu-item-object-custom menu-item-home menu-item-404\"><a href=\"https:\/\/graficaunna.com.br\/#servicos\" class=\"elementor-item elementor-item-anchor\" tabindex=\"-1\">Servi\u00e7os<\/a><\/li>\n<li class=\"menu-item menu-item-type-custom menu-item-object-custom menu-item-home menu-item-405\"><a href=\"https:\/\/graficaunna.com.br\/#contato\" class=\"elementor-item elementor-item-anchor\" tabindex=\"-1\">Contato<\/a><\/li>\n<\/ul>\t\t\t<\/nav>\n\t\t\t\t\t\t<\/div>\n\t\t\t\t<\/div>\n\t\t\t\t<\/div>\n\t\t\t\t<\/div>\n\t\t<div class=\"elementor-element elementor-element-7f69b76 e-grid e-con-full e-con e-parent\" data-id=\"7f69b76\" data-element_type=\"container\" data-settings=\"{&quot;background_background&quot;:&quot;classic&quot;}\">\n\t\t\t\t<div class=\"elementor-element elementor-element-46df45c elementor-widget elementor-widget-image\" data-id=\"46df45c\" data-element_type=\"widget\" data-widget_type=\"image.default\">\n\t\t\t\t<div class=\"elementor-widget-container\">\n\t\t\t\t\t\t\t\t\t\t\t\t\t\t\t<img fetchpriority=\"high\" decoding=\"async\" width=\"800\" height=\"196\" src=\"https:\/\/graficaunna.com.br\/wp-content\/uploads\/2025\/06\/frase.png\" class=\"attachment-large size-large wp-image-114\" alt=\"\" srcset=\"https:\/\/graficaunna.com.br\/wp-content\/uploads\/2025\/06\/frase.png 861w, https:\/\/graficaunna.com.br\/wp-content\/uploads\/2025\/06\/frase-600x147.png 600w, https:\/\/graficaunna.com.br\/wp-content\/uploads\/2025\/06\/frase-300x74.png 300w, https:\/\/graficaunna.com.br\/wp-content\/uploads\/2025\/06\/frase-768x188.png 768w\" sizes=\"(max-width: 800px) 100vw, 800px\" \/>\t\t\t\t\t\t\t\t\t\t\t\t\t\t\t<\/div>\n\t\t\t\t<\/div>\n\t\t\t\t<div class=\"elementor-element elementor-element-104d1d8 elementor-widget__width-inherit elementor-widget elementor-widget-image\" data-id=\"104d1d8\" data-element_type=\"widget\" data-widget_type=\"image.default\">\n\t\t\t\t<div class=\"elementor-widget-container\">\n\t\t\t\t\t\t\t\t\t\t\t\t\t\t\t<img decoding=\"async\" src=\"https:\/\/graficaunna.com.br\/wp-content\/uploads\/elementor\/thumbs\/foguete-2-r7d74b76llu7ycvykas186hs8ho5ltlreu2u5g02rc.png\" title=\"foguete 2\" alt=\"foguete 2\" loading=\"lazy\" \/>\t\t\t\t\t\t\t\t\t\t\t\t\t\t\t<\/div>\n\t\t\t\t<\/div>\n\t\t\t\t<\/div>\n\t\t<div class=\"elementor-element elementor-element-7309714 e-flex e-con-boxed e-con e-parent\" data-id=\"7309714\" data-element_type=\"container\" id=\"servicos\">\n\t\t\t\t\t<div class=\"e-con-inner\">\n\t\t<div class=\"elementor-element elementor-element-e039d38 e-con-full e-flex e-con e-child\" data-id=\"e039d38\" data-element_type=\"container\" data-settings=\"{&quot;background_background&quot;:&quot;classic&quot;}\">\n\t\t\t\t<div class=\"elementor-element elementor-element-24dee2d elementor-widget__width-inherit elementor-position-top elementor-widget elementor-widget-image-box\" data-id=\"24dee2d\" data-element_type=\"widget\" data-widget_type=\"image-box.default\">\n\t\t\t\t<div class=\"elementor-widget-container\">\n\t\t\t\t\t<div class=\"elementor-image-box-wrapper\"><figure class=\"elementor-image-box-img\"><img decoding=\"async\" width=\"77\" height=\"114\" src=\"https:\/\/graficaunna.com.br\/wp-content\/uploads\/2025\/06\/Banner.png\" class=\"attachment-thumbnail size-thumbnail wp-image-141\" alt=\"\" \/><\/figure><div class=\"elementor-image-box-content\"><h3 class=\"elementor-image-box-title\">Comunica\u00e7\u00e3o Visual<\/h3><p class=\"elementor-image-box-description\">Lonas, banners,  adesivos, fachadas, wind banner<\/p><\/div><\/div>\t\t\t\t<\/div>\n\t\t\t\t<\/div>\n\t\t\t\t<\/div>\n\t\t<div class=\"elementor-element elementor-element-c06870a e-con-full e-flex e-con e-child\" data-id=\"c06870a\" data-element_type=\"container\">\n\t\t\t\t<div class=\"elementor-element elementor-element-37d80a8 elementor-position-top elementor-widget elementor-widget-image-box\" data-id=\"37d80a8\" data-element_type=\"widget\" data-widget_type=\"image-box.default\">\n\t\t\t\t<div class=\"elementor-widget-container\">\n\t\t\t\t\t<div class=\"elementor-image-box-wrapper\"><figure class=\"elementor-image-box-img\"><img loading=\"lazy\" decoding=\"async\" width=\"115\" height=\"92\" src=\"https:\/\/graficaunna.com.br\/wp-content\/uploads\/2025\/06\/Cartao.png\" class=\"attachment-thumbnail size-thumbnail wp-image-143\" alt=\"\" \/><\/figure><div class=\"elementor-image-box-content\"><h3 class=\"elementor-image-box-title\">Gr\u00e1fica R\u00e1pida<\/h3><p class=\"elementor-image-box-description\">Cart\u00e3o de visitas,\npanfletos, blocos,\ncrach\u00e1, apostilas<\/p><\/div><\/div>\t\t\t\t<\/div>\n\t\t\t\t<\/div>\n\t\t\t\t<\/div>\n\t\t<div class=\"elementor-element elementor-element-e7fd318 e-con-full e-flex e-con e-child\" data-id=\"e7fd318\" data-element_type=\"container\">\n\t\t\t\t<div class=\"elementor-element elementor-element-23d8821 elementor-position-top elementor-widget elementor-widget-image-box\" data-id=\"23d8821\" data-element_type=\"widget\" data-widget_type=\"image-box.default\">\n\t\t\t\t<div class=\"elementor-widget-container\">\n\t\t\t\t\t<div class=\"elementor-image-box-wrapper\"><figure class=\"elementor-image-box-img\"><img loading=\"lazy\" decoding=\"async\" width=\"108\" height=\"107\" src=\"https:\/\/graficaunna.com.br\/wp-content\/uploads\/2025\/06\/Camisa.png\" class=\"attachment-thumbnail size-thumbnail wp-image-142\" alt=\"\" srcset=\"https:\/\/graficaunna.com.br\/wp-content\/uploads\/2025\/06\/Camisa.png 108w, https:\/\/graficaunna.com.br\/wp-content\/uploads\/2025\/06\/Camisa-100x100.png 100w\" sizes=\"(max-width: 108px) 100vw, 108px\" \/><\/figure><div class=\"elementor-image-box-content\"><h3 class=\"elementor-image-box-title\">Vestu\u00e1rio<\/h3><p class=\"elementor-image-box-description\">Camisas em algod\u00e3o, dryfit, poli\u00e9ster. Adulto e infantil<\/p><\/div><\/div>\t\t\t\t<\/div>\n\t\t\t\t<\/div>\n\t\t\t\t<\/div>\n\t\t<div class=\"elementor-element elementor-element-be925b3 e-con-full e-flex e-con e-child\" data-id=\"be925b3\" data-element_type=\"container\">\n\t\t\t\t<div class=\"elementor-element elementor-element-db4b566 elementor-position-top elementor-widget elementor-widget-image-box\" data-id=\"db4b566\" data-element_type=\"widget\" data-widget_type=\"image-box.default\">\n\t\t\t\t<div class=\"elementor-widget-container\">\n\t\t\t\t\t<div class=\"elementor-image-box-wrapper\"><figure class=\"elementor-image-box-img\"><img loading=\"lazy\" decoding=\"async\" width=\"97\" height=\"96\" src=\"https:\/\/graficaunna.com.br\/wp-content\/uploads\/2025\/06\/Agenda.png\" class=\"attachment-thumbnail size-thumbnail wp-image-140\" alt=\"\" \/><\/figure><div class=\"elementor-image-box-content\"><h3 class=\"elementor-image-box-title\">Brindes<\/h3><p class=\"elementor-image-box-description\">Agendas, bloquinhos, copos, canecas, chaveiro, canetas<\/p><\/div><\/div>\t\t\t\t<\/div>\n\t\t\t\t<\/div>\n\t\t\t\t<\/div>\n\t\t\t\t\t<\/div>\n\t\t\t\t<\/div>\n\t\t<div class=\"elementor-element elementor-element-8223b3f e-flex e-con-boxed e-con e-parent\" data-id=\"8223b3f\" data-element_type=\"container\">\n\t\t\t\t\t<div class=\"e-con-inner\">\n\t\t\t\t<div class=\"elementor-element elementor-element-70c0d04 elementor-widget elementor-widget-heading\" data-id=\"70c0d04\" data-element_type=\"widget\" data-widget_type=\"heading.default\">\n\t\t\t\t<div class=\"elementor-widget-container\">\n\t\t\t\t\t<h2 class=\"elementor-heading-title elementor-size-default\">Conhe\u00e7a nossos produtos e servi\u00e7os<\/h2>\t\t\t\t<\/div>\n\t\t\t\t<\/div>\n\t\t\t\t<div class=\"elementor-element elementor-element-0f778b1 elementor-align-center elementor-widget__width-initial elementor-widget elementor-widget-button\" data-id=\"0f778b1\" data-element_type=\"widget\" data-widget_type=\"button.default\">\n\t\t\t\t<div class=\"elementor-widget-container\">\n\t\t\t\t\t\t\t\t\t<div class=\"elementor-button-wrapper\">\n\t\t\t\t\t<a class=\"elementor-button elementor-button-link elementor-size-sm\" href=\"#\">\n\t\t\t\t\t\t<span class=\"elementor-button-content-wrapper\">\n\t\t\t\t\t\t\t\t\t<span class=\"elementor-button-text\">ACESSAR CAT\u00c1LOGO<\/span>\n\t\t\t\t\t<\/span>\n\t\t\t\t\t<\/a>\n\t\t\t\t<\/div>\n\t\t\t\t\t\t\t\t<\/div>\n\t\t\t\t<\/div>\n\t\t\t\t\t<\/div>\n\t\t\t\t<\/div>\n\t\t<div class=\"elementor-element elementor-element-f387a7f e-flex e-con-boxed e-con e-parent\" data-id=\"f387a7f\" data-element_type=\"container\" id=\"sobrenos\" data-settings=\"{&quot;background_background&quot;:&quot;classic&quot;}\">\n\t\t\t\t\t<div class=\"e-con-inner\">\n\t\t<div class=\"elementor-element elementor-element-86dcdfa e-con-full e-flex e-con e-child\" data-id=\"86dcdfa\" data-element_type=\"container\">\n\t\t\t\t<div class=\"elementor-element elementor-element-0d7429c elementor-widget elementor-widget-heading\" data-id=\"0d7429c\" data-element_type=\"widget\" data-widget_type=\"heading.default\">\n\t\t\t\t<div class=\"elementor-widget-container\">\n\t\t\t\t\t<h2 class=\"elementor-heading-title elementor-size-default\">Sobre N\u00f3s<\/h2>\t\t\t\t<\/div>\n\t\t\t\t<\/div>\n\t\t\t\t<div class=\"elementor-element elementor-element-bdfb11b elementor-widget elementor-widget-text-editor\" data-id=\"bdfb11b\" data-element_type=\"widget\" data-widget_type=\"text-editor.default\">\n\t\t\t\t<div class=\"elementor-widget-container\">\n\t\t\t\t\t\t\t\t\t<p>A Unna \u00e9 uma gr\u00e1fica localizada no Rio de Janeiro, criada com <br \/>o prop\u00f3sito de oferecer solu\u00e7\u00f5es gr\u00e1ficas com criatividade, <br \/>originalidade e qualidade. Nosso compromisso \u00e9 transformar <br \/>ideias em materiais que representem com clareza e impacto a <br \/>identidade de cada cliente.<\/p><p>Valorizamos um atendimento pr\u00f3ximo e colaborativo, buscando <br \/>compreender as necessidades espec\u00edficas de cada projeto <br \/>para entregar resultados personalizados e eficazes. <br \/>Acreditamos que excel\u00eancia vai al\u00e9m do produto final \u2014 est\u00e1 <br \/>presente em todo o processo, do primeiro contato \u00e0 entrega.<\/p><p>Trabalhamos com seriedade, mas tamb\u00e9m com entusiasmo. <br \/>Somos movidos pela criatividade, pela busca constante por <br \/>inova\u00e7\u00e3o e pela vontade de contribuir para o crescimento dos <br \/>nossos clientes. Nosso objetivo \u00e9 sermos refer\u00eancia para quem <br \/>procura servi\u00e7os gr\u00e1ficos modernos, confi\u00e1veis e com um <br \/>atendimento diferenciado.Na Unna, cada projeto \u00e9 tratado com <br \/>dedica\u00e7\u00e3o, porque sabemos que por tr\u00e1s de cada pedido existe<br \/>uma hist\u00f3ria, uma ideia e um objetivo que merecem ser <br \/>valorizados.<\/p>\t\t\t\t\t\t\t\t<\/div>\n\t\t\t\t<\/div>\n\t\t\t\t<\/div>\n\t\t<div class=\"elementor-element elementor-element-e995eb3 e-con-full e-flex e-con e-child\" data-id=\"e995eb3\" data-element_type=\"container\">\n\t\t\t\t<div class=\"elementor-element elementor-element-8d2d7af elementor-widget elementor-widget-image\" data-id=\"8d2d7af\" data-element_type=\"widget\" data-widget_type=\"image.default\">\n\t\t\t\t<div class=\"elementor-widget-container\">\n\t\t\t\t\t\t\t\t\t\t\t\t\t\t\t<img loading=\"lazy\" decoding=\"async\" width=\"768\" height=\"826\" src=\"https:\/\/graficaunna.com.br\/wp-content\/uploads\/2025\/07\/fachada-1-768x826.jpg\" class=\"attachment-medium_large size-medium_large wp-image-285\" alt=\"\" srcset=\"https:\/\/graficaunna.com.br\/wp-content\/uploads\/2025\/07\/fachada-1-768x826.jpg 768w, https:\/\/graficaunna.com.br\/wp-content\/uploads\/2025\/07\/fachada-1-279x300.jpg 279w, https:\/\/graficaunna.com.br\/wp-content\/uploads\/2025\/07\/fachada-1-952x1024.jpg 952w, https:\/\/graficaunna.com.br\/wp-content\/uploads\/2025\/07\/fachada-1-1427x1536.jpg 1427w, https:\/\/graficaunna.com.br\/wp-content\/uploads\/2025\/07\/fachada-1-1903x2048.jpg 1903w\" sizes=\"(max-width: 768px) 100vw, 768px\" \/>\t\t\t\t\t\t\t\t\t\t\t\t\t\t\t<\/div>\n\t\t\t\t<\/div>\n\t\t\t\t<\/div>\n\t\t\t\t\t<\/div>\n\t\t\t\t<\/div>\n\t\t<div class=\"elementor-element elementor-element-466850e e-con-full e-flex e-con e-parent\" data-id=\"466850e\" data-element_type=\"container\">\n\t\t\t\t<div class=\"elementor-element elementor-element-38f9bc9 elementor-widget elementor-widget-heading\" data-id=\"38f9bc9\" data-element_type=\"widget\" data-widget_type=\"heading.default\">\n\t\t\t\t<div class=\"elementor-widget-container\">\n\t\t\t\t\t<h2 class=\"elementor-heading-title elementor-size-default\">Entre em Contato<\/h2>\t\t\t\t<\/div>\n\t\t\t\t<\/div>\n\t\t\t\t<div class=\"elementor-element elementor-element-2c09b31 elementor-widget elementor-widget-image\" data-id=\"2c09b31\" data-element_type=\"widget\" data-widget_type=\"image.default\">\n\t\t\t\t<div class=\"elementor-widget-container\">\n\t\t\t\t\t\t\t\t\t\t\t\t\t\t\t<img loading=\"lazy\" decoding=\"async\" width=\"314\" height=\"4\" src=\"https:\/\/graficaunna.com.br\/wp-content\/uploads\/2025\/07\/line.png\" class=\"attachment-large size-large wp-image-293\" alt=\"\" srcset=\"https:\/\/graficaunna.com.br\/wp-content\/uploads\/2025\/07\/line.png 314w, https:\/\/graficaunna.com.br\/wp-content\/uploads\/2025\/07\/line-300x4.png 300w\" sizes=\"(max-width: 314px) 100vw, 314px\" \/>\t\t\t\t\t\t\t\t\t\t\t\t\t\t\t<\/div>\n\t\t\t\t<\/div>\n\t\t\t\t<\/div>\n\t\t<div class=\"elementor-element elementor-element-97a45b8 e-flex e-con-boxed e-con e-parent\" data-id=\"97a45b8\" data-element_type=\"container\" id=\"contato\" data-settings=\"{&quot;background_background&quot;:&quot;classic&quot;}\">\n\t\t\t\t\t<div class=\"e-con-inner\">\n\t\t<div class=\"elementor-element elementor-element-9b8f4df e-con-full e-flex e-con e-child\" data-id=\"9b8f4df\" data-element_type=\"container\">\n\t\t\t\t<div class=\"elementor-element elementor-element-bf566fb elementor-widget elementor-widget-google_maps\" data-id=\"bf566fb\" data-element_type=\"widget\" data-widget_type=\"google_maps.default\">\n\t\t\t\t<div class=\"elementor-widget-container\">\n\t\t\t\t\t\t\t<div class=\"elementor-custom-embed\">\n\t\t\t<iframe loading=\"lazy\"\n\t\t\t\t\tsrc=\"https:\/\/maps.google.com\/maps?q=Rua%20Conc%C3%ADlio%20Ecum%C3%AAnico%2C%20344%20-%20Parque%20S%C3%A3o%20Vicente%2C%20Belford%20Roxo%20-%20RJ&#038;t=m&#038;z=12&#038;output=embed&#038;iwloc=near\"\n\t\t\t\t\ttitle=\"Rua Conc\u00edlio Ecum\u00eanico, 344 - Parque S\u00e3o Vicente, Belford Roxo - RJ\"\n\t\t\t\t\taria-label=\"Rua Conc\u00edlio Ecum\u00eanico, 344 - Parque S\u00e3o Vicente, Belford Roxo - RJ\"\n\t\t\t><\/iframe>\n\t\t<\/div>\n\t\t\t\t\t\t<\/div>\n\t\t\t\t<\/div>\n\t\t\t\t<\/div>\n\t\t<div class=\"elementor-element elementor-element-fecd4de e-con-full e-flex e-con e-child\" data-id=\"fecd4de\" data-element_type=\"container\">\n\t\t\t\t<div class=\"elementor-element elementor-element-5e4c37f elementor-icon-list--layout-traditional elementor-list-item-link-full_width elementor-widget elementor-widget-icon-list\" data-id=\"5e4c37f\" data-element_type=\"widget\" data-widget_type=\"icon-list.default\">\n\t\t\t\t<div class=\"elementor-widget-container\">\n\t\t\t\t\t\t\t<ul class=\"elementor-icon-list-items\">\n\t\t\t\t\t\t\t<li class=\"elementor-icon-list-item\">\n\t\t\t\t\t\t\t\t\t\t\t<span class=\"elementor-icon-list-icon\">\n\t\t\t\t\t\t\t<svg aria-hidden=\"true\" class=\"e-font-icon-svg e-fab-whatsapp\" viewBox=\"0 0 448 512\" xmlns=\"http:\/\/www.w3.org\/2000\/svg\"><path d=\"M380.9 97.1C339 55.1 283.2 32 223.9 32c-122.4 0-222 99.6-222 222 0 39.1 10.2 77.3 29.6 111L0 480l117.7-30.9c32.4 17.7 68.9 27 106.1 27h.1c122.3 0 224.1-99.6 224.1-222 0-59.3-25.2-115-67.1-157zm-157 341.6c-33.2 0-65.7-8.9-94-25.7l-6.7-4-69.8 18.3L72 359.2l-4.4-7c-18.5-29.4-28.2-63.3-28.2-98.2 0-101.7 82.8-184.5 184.6-184.5 49.3 0 95.6 19.2 130.4 54.1 34.8 34.9 56.2 81.2 56.1 130.5 0 101.8-84.9 184.6-186.6 184.6zm101.2-138.2c-5.5-2.8-32.8-16.2-37.9-18-5.1-1.9-8.8-2.8-12.5 2.8-3.7 5.6-14.3 18-17.6 21.8-3.2 3.7-6.5 4.2-12 1.4-32.6-16.3-54-29.1-75.5-66-5.7-9.8 5.7-9.1 16.3-30.3 1.8-3.7.9-6.9-.5-9.7-1.4-2.8-12.5-30.1-17.1-41.2-4.5-10.8-9.1-9.3-12.5-9.5-3.2-.2-6.9-.2-10.6-.2-3.7 0-9.7 1.4-14.8 6.9-5.1 5.6-19.4 19-19.4 46.3 0 27.3 19.9 53.7 22.6 57.4 2.8 3.7 39.1 59.7 94.8 83.8 35.2 15.2 49 16.5 66.6 13.9 10.7-1.6 32.8-13.4 37.4-26.4 4.6-13 4.6-24.1 3.2-26.4-1.3-2.5-5-3.9-10.5-6.6z\"><\/path><\/svg>\t\t\t\t\t\t<\/span>\n\t\t\t\t\t\t\t\t\t\t<span class=\"elementor-icon-list-text\">(21) 98747-6534<\/span>\n\t\t\t\t\t\t\t\t\t<\/li>\n\t\t\t\t\t\t\t\t<li class=\"elementor-icon-list-item\">\n\t\t\t\t\t\t\t\t\t\t\t<span class=\"elementor-icon-list-icon\">\n\t\t\t\t\t\t\t<svg aria-hidden=\"true\" class=\"e-font-icon-svg e-fas-envelope\" viewBox=\"0 0 512 512\" xmlns=\"http:\/\/www.w3.org\/2000\/svg\"><path d=\"M502.3 190.8c3.9-3.1 9.7-.2 9.7 4.7V400c0 26.5-21.5 48-48 48H48c-26.5 0-48-21.5-48-48V195.6c0-5 5.7-7.8 9.7-4.7 22.4 17.4 52.1 39.5 154.1 113.6 21.1 15.4 56.7 47.8 92.2 47.6 35.7.3 72-32.8 92.3-47.6 102-74.1 131.6-96.3 154-113.7zM256 320c23.2.4 56.6-29.2 73.4-41.4 132.7-96.3 142.8-104.7 173.4-128.7 5.8-4.5 9.2-11.5 9.2-18.9v-19c0-26.5-21.5-48-48-48H48C21.5 64 0 85.5 0 112v19c0 7.4 3.4 14.3 9.2 18.9 30.6 23.9 40.7 32.4 173.4 128.7 16.8 12.2 50.2 41.8 73.4 41.4z\"><\/path><\/svg>\t\t\t\t\t\t<\/span>\n\t\t\t\t\t\t\t\t\t\t<span class=\"elementor-icon-list-text\">graficaunna@gmail.com<\/span>\n\t\t\t\t\t\t\t\t\t<\/li>\n\t\t\t\t\t\t\t\t<li class=\"elementor-icon-list-item\">\n\t\t\t\t\t\t\t\t\t\t\t<span class=\"elementor-icon-list-icon\">\n\t\t\t\t\t\t\t<svg aria-hidden=\"true\" class=\"e-font-icon-svg e-fas-map-pin\" viewBox=\"0 0 288 512\" xmlns=\"http:\/\/www.w3.org\/2000\/svg\"><path d=\"M112 316.94v156.69l22.02 33.02c4.75 7.12 15.22 7.12 19.97 0L176 473.63V316.94c-10.39 1.92-21.06 3.06-32 3.06s-21.61-1.14-32-3.06zM144 0C64.47 0 0 64.47 0 144s64.47 144 144 144 144-64.47 144-144S223.53 0 144 0zm0 76c-37.5 0-68 30.5-68 68 0 6.62-5.38 12-12 12s-12-5.38-12-12c0-50.73 41.28-92 92-92 6.62 0 12 5.38 12 12s-5.38 12-12 12z\"><\/path><\/svg>\t\t\t\t\t\t<\/span>\n\t\t\t\t\t\t\t\t\t\t<span class=\"elementor-icon-list-text\">Rua Conc\u00edlio Ecum\u00eanico, 344 - Parque S\u00e3o Vicente, Belford Roxo\/RJ<\/span>\n\t\t\t\t\t\t\t\t\t<\/li>\n\t\t\t\t\t\t<\/ul>\n\t\t\t\t\t\t<\/div>\n\t\t\t\t<\/div>\n\t\t\t\t<\/div>\n\t\t\t\t\t<\/div>\n\t\t\t\t<\/div>\n\t\t\t\t<\/div>\n\t\t","protected":false},"excerpt":{"rendered":"<p>Comunica\u00e7\u00e3o Visual Lonas, banners, adesivos, fachadas, wind banner Gr\u00e1fica R\u00e1pida Cart\u00e3o de visitas, panfletos, blocos, crach\u00e1, apostilas Vestu\u00e1rio Camisas em algod\u00e3o, dryfit, poli\u00e9ster. Adulto e infantil Brindes Agendas, bloquinhos, copos, canecas, chaveiro, canetas Conhe\u00e7a nossos produtos e servi\u00e7os ACESSAR CAT\u00c1LOGO Sobre N\u00f3s A Unna \u00e9 uma gr\u00e1fica localizada no Rio de Janeiro, criada com o [&hellip;]<\/p>\n","protected":false},"author":1,"featured_media":0,"parent":0,"menu_order":0,"comment_status":"closed","ping_status":"closed","template":"elementor_header_footer","meta":{"footnotes":""},"class_list":["post-28","page","type-page","status-publish","hentry"],"_links":{"self":[{"href":"https:\/\/graficaunna.com.br\/index.php?rest_route=\/wp\/v2\/pages\/28","targetHints":{"allow":["GET"]}}],"collection":[{"href":"https:\/\/graficaunna.com.br\/index.php?rest_route=\/wp\/v2\/pages"}],"about":[{"href":"https:\/\/graficaunna.com.br\/index.php?rest_route=\/wp\/v2\/types\/page"}],"author":[{"embeddable":true,"href":"https:\/\/graficaunna.com.br\/index.php?rest_route=\/wp\/v2\/users\/1"}],"replies":[{"embeddable":true,"href":"https:\/\/graficaunna.com.br\/index.php?rest_route=%2Fwp%2Fv2%2Fcomments&post=28"}],"version-history":[{"count":201,"href":"https:\/\/graficaunna.com.br\/index.php?rest_route=\/wp\/v2\/pages\/28\/revisions"}],"predecessor-version":[{"id":592,"href":"https:\/\/graficaunna.com.br\/index.php?rest_route=\/wp\/v2\/pages\/28\/revisions\/592"}],"wp:attachment":[{"href":"https:\/\/graficaunna.com.br\/index.php?rest_route=%2Fwp%2Fv2%2Fmedia&parent=28"}],"curies":[{"name":"wp","href":"https:\/\/api.w.org\/{rel}","templated":true}]}}